ands digit of 21151620?
1
What is the hundred thousands digit of 932908?
9
What is the tens digit of 799454?
5
What is the ten thousands digit of 3613837?
1
What is the hundreds digit of 35961569?
5
What is the units digit of 1118410?
0
What is the hundred thousands digit of 4261186?
2
What is the thousands digit of 457565?
7
What is the hundreds digit of 25190403?
4
What is the units digit of 747555?
5
What is the hundreds digit of 436881?
8
What is the hundred thousands digit of 10352049?
3
What is the hundreds digit of 11743745?
7
What is the hundreds digit of 1442289?
2
What is the units digit of 2117952?
2
What is the units digit of 43206688?
8
What is the millions digit of 8799153?
8
What is the hundreds digit of 2259313?
3
What is the tens digit of 7715578?
7
What is the units digit of 629004?
4
What is the units digit of 3265589?
9
What is the ten thousands digit of 64332?
6
What is the thousands digit of 1174938?
4
What is the hundreds digit of 861168?
1
What is the thousands digit of 2962961?
2
What is the ten thousands digit of 2437871?
3
What is the ten thousands digit of 18615?
1
What is the tens digit of 632320?
2
What is the units digit of 392071?
1
What is the tens digit of 1007190?
9
What is the tens digit of 6112369?
6
What is the units digit of 718160?
0
What is the thousands digit of 1828051?
8
What is the ten thousands digit of 1395320?
9
What is the ten thousands digit of 8715482?
1
What is the units digit of 25699?
9
What is the hundred thousands digit of 2372437?
3
What is the hundreds digit of 5669783?
7
What is the thousands digit of 2785314?
5
What is the ten thousands digit of 4492687?
9
What is the thousands digit of 812261?
2
What is the thousands digit of 1668465?
8
What is the hundred thousands digit of 1380823?
3
What is the millions digit of 1081041?
1
What is the ten thousands digit of 118282?
1
What is the units digit of 733073?
3
What is the thousands digit of 1432082?
2
What is the thousands digit of 2609622?
9
What is the tens digit of 255586?
8
What is the millions digit of 2756570?
2
What is the hundred thousands digit of 1022233?
0
What is the thousands digit of 647220?
7
What is the millions digit of 12869458?
2
What is the units digit of 4881804?
4
What is the ten thousands digit of 255061?
5
What is the hundreds digit of 6715682?
6
What is the units digit of 9086131?
1
What is the ten thousands digit of 8425468?
2
What is the thousands digit of 19815050?
5
What is the hundred thousands digit of 124861?
1
What is the thousands digit of 2754097?
4
What is the hundreds digit of 2600204?
2
What is the hundreds digit of 2548148?
1
What is the tens digit of 3517032?
3
What is the hundred thousands digit of 19065410?
0
What is the units digit of 1525653?
3
What is the hundred thousands digit of 19266948?
2
What is the thousands digit of 21789261?
9
What is the thousands digit of 178003?
8
What is the hundred thousands digit of 360890?
3
What is the tens digit of 497479?
7
What is the hundred thousands digit of 3095394?
0
What is the hundreds digit of 140404?
4
What is the units digit of 256739?
9
What is the ten thousands digit of 436947?
3
What is the thousands digit of 9807030?
7
What is the units digit of 1785127?
7
What is the units digit of 1307857?
7
What is the thousands digit of 2814104?
4
What is the thousands digit of 1410083?
0
What is the hundreds digit of 174172?
1
What is the tens digit of 38801?
0
What is the ten thousands digit of 56092?
5
What is the hundred thousands digit of 18137125?
1
What is the ten thousands digit of 25475589?
7
What is the hundred thousands digit of 15990225?
9
What is the tens digit of 87092?
9
What is the thousands digit of 1121290?
1
What is the units digit of 41622?
2
What is the units digit of 706143?
3
What is the thousands digit of 342512?
2
What is the hundred thousands digit of 5020954?
0
What is the hundreds digit of 7697229?
2
What is the tens digit of 510984?
8
What is the millions digit of 9585161?
9
What is the hundreds digit of 1997950?
9
What is the hundred thousands digit of 12416005?
4
What is the tens digit of 12390538?
3
What is the units digit of 3597208?
8
What is the thousands digit of 744911?
4
What is the thousands digit of 383994?
3
What is the hundreds digit of 12852736?
7
What is the units digit of 5608882?
2
What is the hundred thousands digit of 212625?
2
What is the ten thousands digit of 4775457?
7
What is the thousands digit of 1429709?
9
What is the ten thousands digit of 181259?
8
What is the thousands digit of 12700664?
0
What is the thousands digit of 19161706?
1
What is the millions digit of 1032211?
1
What is the units digit of 263419?
9
What is the units digit of 13372231?
1
What is the hundred thousands digit of 11683688?
6
What is the hundred thousands digit of 1329431?
3
What is the units digit of 3993818?
8
What is the thousands digit of 12434850?
4
What is the hundred thousands digit of 1561129?
5
What is the thousands digit of 248999?
8
What is the tens digit of 3875956?
5
What is the hundreds digit of 147902?
9
What is the tens digit of 2036563?
6
What is the thousands digit of 13668353?
8
What is the hundreds digit of 6850049?
0
What is the ten thousands digit of 18860278?
6
What is the ten thousands digit of 1792405?
9
What is the units digit of 91158?
8
What is the units digit of 311341?
1
What is the thousands digit of 1446744?
6
What is the units digit of 780035?
5
What is the hundred thousands digit of 197005?
1
What is the hundred thousands digit of 735445?
7
What is the units digit of 4871878?
8
What is the units digit of 8181799?
9
What is the units digit of 3192?
2
What is the tens digit of 179178?
7
What is the ten thousands digit of 13321128?
2
What is the hundreds digit of 4177604?
6
What is the thousands digit of 30422217?
2
What is the units digit of 189725?
5
What is the ten thousands digit of 49383?
4
What is the ten thousands digit of 742277?
4
What is the hundreds digit of 236952?
9
What is the tens digit of 152693?
9
What is the ten thousands digit of 109045?
0
What is the hundreds digit of 6055317?
3
What is the ten millions digit of 21342189?
2
What is the tens digit of 163531?
3
What is the hundreds digit of 732176?
1
What is the hundreds digit of 671773?
7
What is the hundred thousands digit of 29499748?
4
What is the ten thousands digit of 148203?
4
What is the hundreds digit of 276770?
7
What is the thousands digit of 36761?
6
What is the ten thousands digit of 2436459?
3
What is the ten thousands digit of 3972092?
7
What is the hundreds digit of 7000338?
3
What is the hundreds digit of 16510?
5
What is the hundreds digit of 451688?
6
What is the millions digit of 2202289?
2
What is the ten thousands digit of 435342?
3
What is the hundred thousands digit of 417556?
4
What is the units digit of 371962?
2
What is the hundreds digit of 458863?
8
What is the hundreds digit of 54194?
1
What is the hundred thousands digit of 9763792?
7
What is the millions digit of 5713796?
5
What is the ten thousands digit of 1309939?
0
What is the units digit of 889493?
3
What is the hundreds digit of 1491451?
4
What is the thousands digit of 468930?
8
What is the hundred thousands digit of 408745?
4
What is the thousands digit of 11345634?
5
What is the hundreds digit of 306750?
7
What is the thousands digit of 9178591?
8
What is the hundreds digit of 230548?
5
What is the hundred thousands digit of 8618806?
6
What is the thousands digit of 711655?
1
What is the thousands digit of 969408?
9
What is the ten thousands digit of 2279307?
7
What is the hundred thousands digit of 2198297?
1
What is the millions digit of 10063916?
0
What is the hundred thousands digit of 430855?
4
What is the tens digit of 6574357?
5
What is the thousands digit of 86158?
6
What is the ten thousands digit of 1382296?
8
What is the hundreds digit of 5628172?
1
What is the thousands digit of 32469604?
9
What is the ten thousands digit of 2333802?
3
What is the ten thousands digit of 628239?
2
What is the units digit of 89342?
2
What is the tens digit of 197307?
0
What is the ten thousands digit of 43573271?
7
What is the hundred thousands digit of 297782?
2
What is the units digit of 8101637?
7
What is the millions digit of 1367898?
1
